he tens digit of 88821227?
2
What is the hundred thousands digit of 631542520?
5
What is the tens digit of 2185747862?
6
What is the ten thousands digit of 38949125?
4
What is the hundred thousands digit of 79987305?
9
What is the ten thousands digit of 17800144?
0
What is the units digit of 161764451?
1
What is the hundreds digit of 5190873102?
1
What is the ten thousands digit of 230004785?
0
What is the thousands digit of 26613732?
3
What is the units digit of 782842531?
1
What is the ten millions digit of 249306840?
4
What is the ten thousands digit of 1617013644?
1
What is the ten millions digit of 164049930?
6
What is the millions digit of 9380139?
9
What is the billions digit of 1156954745?
1
What is the hundred millions digit of 5107163329?
1
What is the ten millions digit of 1220495917?
2
What is the ten millions digit of 273407547?
7
What is the ten thousands digit of 176878077?
7
What is the units digit of 336189161?
1
What is the units digit of 1377161011?
1
What is the millions digit of 2345082190?
5
What is the ten thousands digit of 8459235869?
3
What is the units digit of 107534755?
5
What is the thousands digit of 152017399?
7
What is the thousands digit of 1557361078?
1
What is the ten thousands digit of 1906473899?
7
What is the ten millions digit of 461039830?
6
What is the units digit of 3724657176?
6
What is the hundreds digit of 7194556114?
1
What is the hundred thousands digit of 2401947248?
9
What is the ten millions digit of 3821744965?
2
What is the hundred thousands digit of 243764588?
7
What is the hundred thousands digit of 50075851?
0
What is the thousands digit of 48966861?
6
What is the hundred millions digit of 222386572?
2
What is the billions digit of 1644697135?
1
What is the hundred millions digit of 522854838?
5
What is the hundreds digit of 98936443?
4
What is the millions digit of 876975807?
6
What is the units digit of 140766129?
9
What is the hundred millions digit of 104961596?
1
What is the ten millions digit of 41336919?
4
What is the tens digit of 78549184?
8
What is the millions digit of 380613727?
0
What is the thousands digit of 2271813?
1
What is the tens digit of 78492799?
9
What is the millions digit of 573659114?
3
What is the thousands digit of 4473501?
3
What is the hundreds digit of 49219009?
0
What is the millions digit of 54563519?
4
What is the tens digit of 192476806?
0
What is the thousands digit of 4497837774?
7
What is the units digit of 989907395?
5
What is the thousands digit of 56353996?
3
What is the hundred thousands digit of 1364093161?
0
What is the ten thousands digit of 44541431?
4
What is the thousands digit of 5336613086?
3
What is the hundreds digit of 951015300?
3
What is the millions digit of 1446840624?
6
What is the hundreds digit of 272039914?
9
What is the hundred millions digit of 1455129388?
4
What is the units digit of 404354419?
9
What is the tens digit of 45499117?
1
What is the billions digit of 1881050521?
1
What is the tens digit of 469203223?
2
What is the units digit of 27999299?
9
What is the hundreds digit of 3509397323?
3
What is the ten thousands digit of 433699446?
9
What is the tens digit of 40197131?
3
What is the units digit of 339093625?
5
What is the units digit of 53237800?
0
What is the thousands digit of 3010466999?
6
What is the units digit of 68900821?
1
What is the hundred thousands digit of 15381572?
3
What is the ten thousands digit of 55889009?
8
What is the millions digit of 200749038?
0
What is the hundred thousands digit of 89029977?
0
What is the ten millions digit of 41388239?
4
What is the units digit of 72097660?
0
What is the tens digit of 87567818?
1
What is the units digit of 57325032?
2
What is the millions digit of 5239141453?
9
What is the ten millions digit of 399617074?
9
What is the hundred thousands digit of 52180405?
1
What is the hundreds digit of 139221634?
6
What is the ten thousands digit of 168907949?
0
What is the millions digit of 28937277?
8
What is the tens digit of 307465119?
1
What is the units digit of 66009474?
4
What is the units digit of 6221850?
0
What is the hundred millions digit of 844431663?
8
What is the millions digit of 771313488?
1
What is the hundreds digit of 1664460842?
8
What is the tens digit of 36758803?
0
What is the hundred thousands digit of 1898240832?
2
What is the millions digit of 33248694?
3
What is the ten millions digit of 2267480725?
6
What is the hundred thousands digit of 56950545?
9
What is the billions digit of 3575308424?
3
What is the millions digit of 93345419?
3
What is the hundreds digit of 2019439?
4
What is the hundred thousands digit of 1211105981?
1
What is the ten millions digit of 16856118?
1
What is the tens digit of 41473720?
2
What is the ten millions digit of 54566777?
5
What is the ten thousands digit of 5089603220?
0
What is the hundreds digit of 75073637?
6
What is the hundreds digit of 495416371?
3
What is the units digit of 1521446149?
9
What is the hundred thousands digit of 197359792?
3
What is the thousands digit of 89650165?
0
What is the millions digit of 48391467?
8
What is the millions digit of 388134511?
8
What is the ten millions digit of 58101803?
5
What is the hundred thousands digit of 1504244020?
2
What is the millions digit of 58403380?
8
What is the ten thousands digit of 36509578?
0
What is the ten millions digit of 122950874?
2
What is the hundreds digit of 917294677?
6
What is the millions digit of 67361097?
7
What is the millions digit of 2750917592?
0
What is the millions digit of 634188088?
4
What is the hundred thousands digit of 8956229?
9
What is the hundred millions digit of 825333660?
8
What is the ten millions digit of 160886837?
6
What is the ten thousands digit of 44838926?
3
What is the thousands digit of 306251928?
1
What is the hundreds digit of 496420304?
3
What is the ten millions digit of 1237929488?
3
What is the tens digit of 54880683?
8
What is the units digit of 31178861?
1
What is the thousands digit of 938442846?
2
What is the hundreds digit of 77524535?
5
What is the tens digit of 3140415660?
6
What is the hundreds digit of 1692922870?
8
What is the hundred thousands digit of 24178277?
1
What is the ten millions digit of 174476975?
7
What is the hundreds digit of 625864619?
6
What is the millions digit of 791829197?
1
What is the hundreds digit of 1148349954?
9
What is the hundreds digit of 982913779?
7
What is the ten thousands digit of 747696951?
9
What is the ten millions digit of 26313964?
2
What is the ten millions digit of 383687947?
8
What is the units digit of 1092625453?
3
What is the hundred thousands digit of 14928748?
9
What is the tens digit of 4227482130?
3
What is the hundreds digit of 3213461383?
3
What is the tens digit of 201570827?
2
What is the ten thousands digit of 233104471?
0
What is the hundred millions digit of 5430093667?
4
What is the ten millions digit of 226459883?
2
What is the thousands digit of 361981728?
1
What is the hundreds digit of 36879697?
6
What is the ten thousands digit of 1370901407?
0
What is the ten thousands digit of 74016139?
1
What is the ten thousands digit of 1135868543?
6
What is the ten thousands digit of 619862695?
6
What is the ten thousands digit of 2220101750?
0
What is the tens digit of 47823644?
4
What is the tens digit of 75291546?
4
What is the billions digit of 2504614548?
2
What is the hundreds digit of 3646828804?
8
What is the ten thousands digit of 124573272?
7
What is the ten thousands digit of 199274455?
7
What is the thousands digit of 361172926?
2
What is the tens digit of 418235915?
1
What is the ten millions digit of 806551913?
0
What is the ten thousands digit of 811551149?
5
What is the thousands digit of 594385135?
5
What is the hundreds digit of 1213763166?
1
What is the tens digit of 88815860?
6
What is the tens digit of 100172234?
3
What is the hundred thousands digit of 233505454?
5
What is the hundred thousands digit of 144222856?
2
What is the tens digit of 189398609?
0
What is the tens digit of 1155258553?
5
What is the ten thousands digit of 461180662?
8
What is the ten thousands digit of 749944162?
4
What is the hundred millions digit of 722264284?
7
What is the thousands digit of 4301368172?
8
What is the ten millions digit